{"id":55,"date":"2025-10-13T11:02:16","date_gmt":"2025-10-13T11:02:16","guid":{"rendered":"https:\/\/paocapital.com\/cat\/?page_id=55"},"modified":"2025-11-10T07:08:52","modified_gmt":"2025-11-10T07:08:52","slug":"serveis","status":"publish","type":"page","link":"https:\/\/paocapital.com\/cat\/serveis\/","title":{"rendered":"Serveis"},"content":{"rendered":"<p>[et_pb_section fb_built=&#8221;1&#8243; admin_label=&#8221;Header &#038; Services&#8221; _builder_version=&#8221;4.27.4&#8243; _module_preset=&#8221;default&#8221; background_color=&#8221;gcid-d214ab81-0383-475f-b48e-2c27b44bd017&#8243; use_background_color_gradient=&#8221;on&#8221; background_color_gradient_stops=&#8221;#000000 0%|#0038ff 38%|#0069fe 72%|#eaebef 100%&#8221; locked=&#8221;off&#8221; collapsed=&#8221;on&#8221; global_colors_info=&#8221;{%22gcid-d214ab81-0383-475f-b48e-2c27b44bd017%22:%91%22background_color%22%93}&#8221;][et_pb_row _builder_version=&#8221;4.23.1&#8243; _module_preset=&#8221;default&#8221; max_width=&#8221;800px&#8221; global_colors_info=&#8221;{}&#8221;][et_pb_column type=&#8221;4_4&#8243; _builder_version=&#8221;4.23.1&#8243; _module_preset=&#8221;default&#8221; global_colors_info=&#8221;{}&#8221;][et_pb_text _builder_version=&#8221;4.27.4&#8243; _module_preset=&#8221;589972c7-0e5f-4fe2-824f-78a7aa49a6c1&#8243; text_font=&#8221;Inter|500||on|||||&#8221; header_font=&#8221;Inter|500|||||||&#8221; text_orientation=&#8221;center&#8221; global_colors_info=&#8221;{}&#8221;]<\/p>\n<h1><span style=\"color: #ffffff;\">SERVEIS<\/span><\/h1>\n<p>[\/et_pb_text][\/et_pb_column][\/et_pb_row][et_pb_row column_structure=&#8221;1_3,1_3,1_3&#8243; make_equal=&#8221;on&#8221; custom_padding_last_edited=&#8221;on|tablet&#8221; _builder_version=&#8221;4.27.4&#8243; _module_preset=&#8221;default&#8221; custom_padding_tablet=&#8221;||0px||false|false&#8221; custom_padding_phone=&#8221;||0px||false|false&#8221; locked=&#8221;off&#8221; global_colors_info=&#8221;{}&#8221;][et_pb_column type=&#8221;1_3&#8243; _builder_version=&#8221;4.27.4&#8243; _module_preset=&#8221;default&#8221; background_color=&#8221;gcid-0a7511ba-9ef0-4f52-b53b-8aeb3410e8bd&#8221; custom_padding=&#8221;30px|30px|30px|30px|true|true&#8221; custom_padding_tablet=&#8221;30px|30px|30px|30px|false|false&#8221; custom_padding_phone=&#8221;20px|20px|20px|20px|true|true&#8221; custom_padding_last_edited=&#8221;on|phone&#8221; border_radii=&#8221;on|20px|20px|20px|20px&#8221; global_colors_info=&#8221;{%22gcid-0a7511ba-9ef0-4f52-b53b-8aeb3410e8bd%22:%91%22background_color%22%93}&#8221;][et_pb_text _builder_version=&#8221;4.27.4&#8243; _module_preset=&#8221;3a871945-394f-4577-a7fa-a935694c5482&#8243; header_3_font=&#8221;Inter|500||on|||||&#8221; header_3_text_color=&#8221;#FFFFFF&#8221; header_3_font_size=&#8221;24px&#8221; text_orientation=&#8221;center&#8221; custom_margin=&#8221;||10px||false|false&#8221; global_colors_info=&#8221;{}&#8221;]<\/p>\n<h3>Assessorament Estrat\u00e8gic<\/h3>\n<p>[\/et_pb_text][et_pb_text _builder_version=&#8221;4.27.4&#8243; _module_preset=&#8221;291e7b6a-353e-4b8a-bd54-baff8a0bc8da&#8221; text_font=&#8221;Inter||||||||&#8221; text_text_color=&#8221;#FFFFFF&#8221; text_font_size=&#8221;14px&#8221; text_orientation=&#8221;center&#8221; custom_margin=&#8221;||10px||false|false&#8221; global_colors_info=&#8221;{}&#8221;]<\/p>\n<p style=\"text-align: left;\">Reflexi\u00f3 Estrat\u00e8gica per prendre decisions orientades a crear valor. Perspectiva, criteri i direcci\u00f3 per construir el futur.<\/p>\n<ul>\n<li style=\"text-align: left;\">Definici\u00f3 o revisi\u00f3 del prop\u00f2sit i visi\u00f3 empresarial<\/li>\n<li style=\"text-align: left;\">Acompanyament en processos de transformaci\u00f3 estrat\u00e8gica<\/li>\n<li style=\"text-align: left;\">Rol de sparring partner per equips directius<\/li>\n<li style=\"text-align: left;\">Facilitaci\u00f3n de sesiones estrat\u00e9gicas con stakeholders clave<\/li>\n<\/ul>\n<p>[\/et_pb_text][\/et_pb_column][et_pb_column type=&#8221;1_3&#8243; _builder_version=&#8221;4.23.1&#8243; _module_preset=&#8221;default&#8221; background_color=&#8221;gcid-0a7511ba-9ef0-4f52-b53b-8aeb3410e8bd&#8221; custom_padding=&#8221;30px|30px|30px|30px|true|true&#8221; custom_padding_tablet=&#8221;30px|30px|30px|30px|false|false&#8221; custom_padding_phone=&#8221;20px|20px|20px|20px|true|true&#8221; custom_padding_last_edited=&#8221;on|desktop&#8221; border_radii=&#8221;on|20px|20px|20px|20px&#8221; global_colors_info=&#8221;{%22gcid-0a7511ba-9ef0-4f52-b53b-8aeb3410e8bd%22:%91%22background_color%22%93}&#8221;][et_pb_text _builder_version=&#8221;4.27.4&#8243; _module_preset=&#8221;3a871945-394f-4577-a7fa-a935694c5482&#8243; header_3_font=&#8221;Inter|500||on|||||&#8221; header_3_text_color=&#8221;#FFFFFF&#8221; header_3_font_size=&#8221;24px&#8221; text_orientation=&#8221;center&#8221; custom_margin=&#8221;||10px||false|false&#8221; global_colors_info=&#8221;{}&#8221;]<\/p>\n<h3><span style=\"color: #ffffff;\">Gesti\u00f3 Patrimonial<\/span><\/h3>\n<p>[\/et_pb_text][et_pb_text _builder_version=&#8221;4.27.4&#8243; _module_preset=&#8221;291e7b6a-353e-4b8a-bd54-baff8a0bc8da&#8221; text_text_color=&#8221;#FFFFFF&#8221; text_font_size=&#8221;14px&#8221; text_orientation=&#8221;center&#8221; custom_margin=&#8221;||10px||false|false&#8221; global_colors_info=&#8221;{}&#8221;]<\/p>\n<p style=\"text-align: left;\">Suport estrat\u00e8gic i t\u00e8cnic en la gesti\u00f3 integral del patrimoni.<\/p>\n<ul>\n<li style=\"text-align: left;\">Construcci\u00f3 d&#8217;una carta d&#8217;inversions alternatives  (PE, VC, real estate)<\/li>\n<li style=\"text-align: left;\">Participaci\u00f3 o creaci\u00f3 de comit\u00e8s d&#8217;inversi\u00f3<\/li>\n<li style=\"text-align: left;\">Segona opini\u00f3 sobre decisions clau.<\/li>\n<li style=\"text-align: left;\">Definici\u00f3 de criteris ESG o d&#8217;impacte si escau.<\/li>\n<\/ul>\n<p>[\/et_pb_text][\/et_pb_column][et_pb_column type=&#8221;1_3&#8243; _builder_version=&#8221;4.23.1&#8243; _module_preset=&#8221;default&#8221; background_color=&#8221;gcid-0a7511ba-9ef0-4f52-b53b-8aeb3410e8bd&#8221; custom_padding=&#8221;30px|30px|30px|30px|true|true&#8221; custom_padding_tablet=&#8221;30px|30px|30px|30px|false|false&#8221; custom_padding_phone=&#8221;20px|20px|20px|20px|true|true&#8221; custom_padding_last_edited=&#8221;on|desktop&#8221; border_radii=&#8221;on|20px|20px|20px|20px&#8221; global_colors_info=&#8221;{%22gcid-0a7511ba-9ef0-4f52-b53b-8aeb3410e8bd%22:%91%22background_color%22%93}&#8221;][et_pb_text _builder_version=&#8221;4.27.4&#8243; _module_preset=&#8221;3a871945-394f-4577-a7fa-a935694c5482&#8243; text_font=&#8221;Inter|||on|||||&#8221; text_font_size=&#8221;12px&#8221; header_3_font=&#8221;Inter|500|||||||&#8221; header_3_text_color=&#8221;#FFFFFF&#8221; header_3_font_size=&#8221;24px&#8221; text_orientation=&#8221;center&#8221; custom_margin=&#8221;||10px||false|false&#8221; global_colors_info=&#8221;{}&#8221;]<\/p>\n<h3>Consells d\u2019Administraci\u00f3<\/h3>\n<p>[\/et_pb_text][et_pb_text _builder_version=&#8221;4.27.4&#8243; _module_preset=&#8221;291e7b6a-353e-4b8a-bd54-baff8a0bc8da&#8221; text_font=&#8221;Inter||||||||&#8221; text_text_color=&#8221;#FFFFFF&#8221; text_font_size=&#8221;14px&#8221; text_orientation=&#8221;center&#8221; custom_margin=&#8221;||10px||false|false&#8221; global_colors_info=&#8221;{}&#8221;]<\/p>\n<p style=\"text-align: left;\">Acompanyament estrat\u00e8gic per a \u00f2rgans de decisi\u00f3.<\/p>\n<ul>\n<li style=\"text-align: left;\">Board as a Service: Oferim un format flexible d&#8217;acompanyament a consells d&#8217;administraci\u00f3.<\/li>\n<li style=\"text-align: left;\">Independent Board Member: Participem com a membres independents en consells d&#8217;administraci\u00f3, aportant perspectiva, neutralitat i un enfocament orientat a valor sostenible.<\/li>\n<\/ul>\n<p>[\/et_pb_text][\/et_pb_column][\/et_pb_row][et_pb_row column_structure=&#8221;1_3,1_3,1_3&#8243; make_equal=&#8221;on&#8221; _builder_version=&#8221;4.27.4&#8243; _module_preset=&#8221;default&#8221; locked=&#8221;off&#8221; global_colors_info=&#8221;{}&#8221;][et_pb_column type=&#8221;1_3&#8243; _builder_version=&#8221;4.27.4&#8243; _module_preset=&#8221;default&#8221; background_color=&#8221;gcid-4558e94f-c411-4090-9fc6-820b4850a969&#8243; custom_padding=&#8221;30px|30px|30px|30px|true|true&#8221; custom_padding_tablet=&#8221;30px|30px|30px|30px|false|false&#8221; custom_padding_phone=&#8221;20px|20px|20px|20px|true|true&#8221; custom_padding_last_edited=&#8221;on|desktop&#8221; border_radii=&#8221;on|20px|20px|20px|20px&#8221; global_colors_info=&#8221;{%22gcid-4558e94f-c411-4090-9fc6-820b4850a969%22:%91%22background_color%22%93}&#8221;][et_pb_text _builder_version=&#8221;4.27.4&#8243; _module_preset=&#8221;3a871945-394f-4577-a7fa-a935694c5482&#8243; text_font=&#8221;Inter|||on|||||&#8221; header_3_font=&#8221;Inter|500|||||||&#8221; header_3_text_color=&#8221;#FFFFFF&#8221; header_3_font_size=&#8221;24px&#8221; text_orientation=&#8221;center&#8221; custom_margin=&#8221;||10px||false|false&#8221; global_colors_info=&#8221;{}&#8221;]<\/p>\n<h3>Interim Management<\/h3>\n<p>[\/et_pb_text][et_pb_text _builder_version=&#8221;4.27.4&#8243; _module_preset=&#8221;291e7b6a-353e-4b8a-bd54-baff8a0bc8da&#8221; text_font=&#8221;Inter||||||||&#8221; text_text_color=&#8221;#FFFFFF&#8221; text_font_size=&#8221;14px&#8221; text_orientation=&#8221;center&#8221; custom_margin=&#8221;||10px||false|false&#8221; global_colors_info=&#8221;{}&#8221;]<\/p>\n<p style=\"text-align: left;\">Lideratge temporal en direcci\u00f3 o gesti\u00f3 per estabilitzar, transformar o preparar transicions.<\/p>\n<ul>\n<li style=\"text-align: left;\">Direcci\u00f3 general o d&#8217;\u00e0rees clau en fases cr\u00edtiques<\/li>\n<li style=\"text-align: left;\">Professionalitzaci\u00f3 d&#8217;estructures familiars<\/li>\n<li style=\"text-align: left;\">Preparaci\u00f3 per a processos de venda, fusi\u00f3 o successi\u00f3<\/li>\n<\/ul>\n<p>[\/et_pb_text][\/et_pb_column][et_pb_column type=&#8221;1_3&#8243; _builder_version=&#8221;4.27.4&#8243; _module_preset=&#8221;default&#8221; background_color=&#8221;gcid-4558e94f-c411-4090-9fc6-820b4850a969&#8243; custom_padding=&#8221;30px|30px|30px|30px|true|true&#8221; custom_padding_tablet=&#8221;30px|30px|30px|30px|false|false&#8221; custom_padding_phone=&#8221;20px|20px|20px|20px|true|true&#8221; custom_padding_last_edited=&#8221;on|desktop&#8221; border_radii=&#8221;on|20px|20px|20px|20px&#8221; global_colors_info=&#8221;{%22gcid-4558e94f-c411-4090-9fc6-820b4850a969%22:%91%22background_color%22%93}&#8221;][et_pb_text _builder_version=&#8221;4.27.4&#8243; _module_preset=&#8221;3a871945-394f-4577-a7fa-a935694c5482&#8243; header_3_font=&#8221;Inter|500||on|||||&#8221; header_3_text_color=&#8221;#FFFFFF&#8221; header_3_font_size=&#8221;24px&#8221; text_orientation=&#8221;center&#8221; custom_margin=&#8221;||10px||false|false&#8221; global_colors_info=&#8221;{}&#8221;]<\/p>\n<h3>Strategic Advisory<\/h3>\n<p>[\/et_pb_text][et_pb_text _builder_version=&#8221;4.27.4&#8243; _module_preset=&#8221;291e7b6a-353e-4b8a-bd54-baff8a0bc8da&#8221; text_text_color=&#8221;#FFFFFF&#8221; text_font_size=&#8221;14px&#8221; text_orientation=&#8221;center&#8221; custom_margin=&#8221;||10px||false|false&#8221; global_colors_info=&#8221;{}&#8221;]<\/p>\n<p style=\"text-align: left;\">Reflexi\u00f3 Estrat\u00e8gica per prendre decisions orientades a crear valor. Perspectiva, criteri i direcci\u00f3 per construir el futur. <\/p>\n<ul>\n<li style=\"text-align: left;\">Definici\u00f3 o revisi\u00f3 del prop\u00f2sit i visi\u00f3 empresarial<\/li>\n<li style=\"text-align: left;\">Acompanyament en processos de transformaci\u00f3 estrat\u00e8gica<\/li>\n<li style=\"text-align: left;\">Rol de sparring partner para equipos directivos<\/li>\n<li style=\"text-align: left;\">Facilitaci\u00f3n de sesiones estrat\u00e9gicas con stakeholders clave<\/li>\n<\/ul>\n<p>[\/et_pb_text][\/et_pb_column][et_pb_column type=&#8221;1_3&#8243; _builder_version=&#8221;4.27.4&#8243; _module_preset=&#8221;default&#8221; background_color=&#8221;gcid-4558e94f-c411-4090-9fc6-820b4850a969&#8243; custom_padding=&#8221;30px|30px|30px|30px|true|true&#8221; custom_padding_tablet=&#8221;30px|30px|30px|30px|false|false&#8221; custom_padding_phone=&#8221;20px|20px|20px|20px|true|true&#8221; custom_padding_last_edited=&#8221;on|desktop&#8221; border_radii=&#8221;on|20px|20px|20px|20px&#8221; global_colors_info=&#8221;{%22gcid-4558e94f-c411-4090-9fc6-820b4850a969%22:%91%22background_color%22%93}&#8221;][et_pb_text _builder_version=&#8221;4.27.4&#8243; _module_preset=&#8221;3a871945-394f-4577-a7fa-a935694c5482&#8243; header_3_font=&#8221;Inter|500||on|||||&#8221; header_3_text_color=&#8221;#FFFFFF&#8221; header_3_font_size=&#8221;24px&#8221; text_orientation=&#8221;center&#8221; custom_margin=&#8221;||10px||false|false&#8221; global_colors_info=&#8221;{}&#8221;]<\/p>\n<h3>Formaci\u00f3<\/h3>\n<p>[\/et_pb_text][et_pb_text _builder_version=&#8221;4.27.4&#8243; _module_preset=&#8221;291e7b6a-353e-4b8a-bd54-baff8a0bc8da&#8221; text_text_color=&#8221;#FFFFFF&#8221; text_font_size=&#8221;14px&#8221; text_orientation=&#8221;center&#8221; custom_margin=&#8221;||10px||false|false&#8221; global_colors_info=&#8221;{}&#8221;]<\/p>\n<p style=\"text-align: left;\">Formaci\u00f3 per avan\u00e7ar amb criteri: Compartim experi\u00e8ncia. Ensenyem des de la pr\u00e0ctica.<\/p>\n<ul>\n<li style=\"text-align: left;\">Educaci\u00f3 financera aplicada<\/li>\n<li style=\"text-align: left;\">Formaci\u00f3 en comunicaci\u00f3 estrat\u00e8gica i negociaci\u00f3<\/li>\n<li style=\"text-align: left;\">Cerca de capital i relaci\u00f3 amb inversors<\/li>\n<li style=\"text-align: left;\">Com invertir en companyies no cotitzades.<\/li>\n<li style=\"text-align: left;\">Formaci\u00f3 a mida per a equips o consells<\/li>\n<\/ul>\n<p>[\/et_pb_text][\/et_pb_column][\/et_pb_row][et_pb_row column_structure=&#8221;1_2,1_2&#8243; make_equal=&#8221;on&#8221; _builder_version=&#8221;4.27.4&#8243; _module_preset=&#8221;default&#8221; locked=&#8221;off&#8221; global_colors_info=&#8221;{}&#8221;][et_pb_column type=&#8221;1_2&#8243; _builder_version=&#8221;4.27.4&#8243; _module_preset=&#8221;default&#8221; background_color=&#8221;gcid-4558e94f-c411-4090-9fc6-820b4850a969&#8243; custom_padding=&#8221;30px|30px|30px|30px|true|true&#8221; custom_padding_tablet=&#8221;30px|30px|30px|30px|false|false&#8221; custom_padding_phone=&#8221;20px|20px|20px|20px|true|true&#8221; custom_padding_last_edited=&#8221;on|desktop&#8221; border_radii=&#8221;on|20px|20px|20px|20px&#8221; global_colors_info=&#8221;{%22gcid-4558e94f-c411-4090-9fc6-820b4850a969%22:%91%22background_color%22%93}&#8221;][et_pb_text _builder_version=&#8221;4.27.4&#8243; _module_preset=&#8221;3a871945-394f-4577-a7fa-a935694c5482&#8243; header_font=&#8221;|||on|||||&#8221; header_3_font=&#8221;Inter|500||on|||||&#8221; header_3_text_color=&#8221;#FFFFFF&#8221; header_3_font_size=&#8221;24px&#8221; text_orientation=&#8221;center&#8221; custom_margin=&#8221;||10px||false|false&#8221; global_colors_info=&#8221;{}&#8221;]<\/p>\n<h3>Resoluci\u00f3 de Bloqueigs Estrat\u00e8gics<\/h3>\n<p>[\/et_pb_text][et_pb_text _builder_version=&#8221;4.27.4&#8243; _module_preset=&#8221;291e7b6a-353e-4b8a-bd54-baff8a0bc8da&#8221; text_font=&#8221;Inter||||||||&#8221; text_text_color=&#8221;#FFFFFF&#8221; text_font_size=&#8221;14px&#8221; text_orientation=&#8221;center&#8221; custom_margin=&#8221;||10px||false|false&#8221; global_colors_info=&#8221;{}&#8221;]<\/p>\n<p style=\"text-align: left;\">\n<p style=\"text-align: left;\">Quan alguna cosa s&#8217;atura, ajudem a desbloquejar. Desbloquegem tensions, reorganitzem prioritats i facilitem avan\u00e7ar amb claredat.<\/p>\n<p style=\"text-align: left;\">Exemples de reptes abordats:<\/p>\n<ul>\n<li style=\"text-align: left;\">Resoluci\u00f3 de bloquejos relacionals o estructurals<\/li>\n<li style=\"text-align: left;\">Revisi\u00f3 en profunditat de la visi\u00f3 compartida<\/li>\n<li style=\"text-align: left;\">Identificaci\u00f3 de punts de fricci\u00f3 en la presa de decisions<\/li>\n<li style=\"text-align: left;\">Revisi\u00f3 conjunta del model de negoci<\/li>\n<\/ul>\n<p style=\"text-align: left;\">\n<p style=\"text-align: left;\">\n<p>[\/et_pb_text][\/et_pb_column][et_pb_column type=&#8221;1_2&#8243; _builder_version=&#8221;4.27.4&#8243; _module_preset=&#8221;default&#8221; background_color=&#8221;gcid-4558e94f-c411-4090-9fc6-820b4850a969&#8243; custom_padding=&#8221;30px|30px|30px|30px|true|true&#8221; custom_padding_tablet=&#8221;30px|30px|30px|30px|false|false&#8221; custom_padding_phone=&#8221;20px|20px|20px|20px|true|true&#8221; custom_padding_last_edited=&#8221;on|desktop&#8221; border_radii=&#8221;on|20px|20px|20px|20px&#8221; global_colors_info=&#8221;{%22gcid-4558e94f-c411-4090-9fc6-820b4850a969%22:%91%22background_color%22%93}&#8221;][et_pb_text _builder_version=&#8221;4.27.4&#8243; _module_preset=&#8221;3a871945-394f-4577-a7fa-a935694c5482&#8243; header_3_font=&#8221;Inter|500||on|||||&#8221; header_3_text_color=&#8221;#FFFFFF&#8221; header_3_font_size=&#8221;24px&#8221; text_orientation=&#8221;center&#8221; custom_margin=&#8221;||10px||false|false&#8221; global_colors_info=&#8221;{}&#8221;]<\/p>\n<h3>Special projects<\/h3>\n<p>[\/et_pb_text][et_pb_text _builder_version=&#8221;4.27.4&#8243; _module_preset=&#8221;291e7b6a-353e-4b8a-bd54-baff8a0bc8da&#8221; text_font=&#8221;Inter||||||||&#8221; text_text_color=&#8221;#FFFFFF&#8221; text_font_size=&#8221;14px&#8221; text_orientation=&#8221;center&#8221; custom_margin=&#8221;||10px||false|false&#8221; global_colors_info=&#8221;{}&#8221;]<\/p>\n<p style=\"text-align: left;\">L&#8217;extraordinari tamb\u00e9 s&#8217;acompanya.<br \/>Algunes idees no encaixen en cap categoria. Per aix\u00f2 hem creat aquesta. Tens alguna cosa diferent. Parlem-ne.<\/p>\n<p>[\/et_pb_text][\/et_pb_column][\/et_pb_row][et_pb_row _builder_version=&#8221;4.27.4&#8243; _module_preset=&#8221;default&#8221; global_colors_info=&#8221;{}&#8221;][et_pb_column type=&#8221;4_4&#8243; _builder_version=&#8221;4.27.4&#8243; _module_preset=&#8221;default&#8221; global_colors_info=&#8221;{}&#8221;][et_pb_button button_url=&#8221;https:\/\/paocapital.com\/cat\/contacte\/&#8221; button_text=&#8221;Contactar&#8221; button_alignment=&#8221;center&#8221; _builder_version=&#8221;4.27.4&#8243; _module_preset=&#8221;c5632a83-6ef4-4d7a-b1ab-86020a5903ad&#8221; button_text_color=&#8221;#ffffff&#8221; button_bg_color=&#8221;#0a0000&#8243; button_border_width=&#8221;3px&#8221; button_font=&#8221;Inter|700||on|||||&#8221; button_use_icon=&#8221;off&#8221; custom_margin=&#8221;30px||||false|false&#8221; hover_enabled=&#8221;0&#8243; global_colors_info=&#8221;{}&#8221; sticky_enabled=&#8221;0&#8243;][\/et_pb_button][\/et_pb_column][\/et_pb_row][\/et_pb_section]<\/p>\n","protected":false},"excerpt":{"rendered":"<p>SERVEISAssessorament Estrat\u00e8gicReflexi\u00f3 Estrat\u00e8gica per prendre decisions orientades a crear valor. Perspectiva, criteri i direcci\u00f3 per construir el futur. Definici\u00f3 o revisi\u00f3 del prop\u00f2sit i visi\u00f3 empresarial Acompanyament en processos de transformaci\u00f3 estrat\u00e8gica Rol de sparring partner per equips directius Facilitaci\u00f3n de sesiones estrat\u00e9gicas con stakeholders clave Gesti\u00f3 PatrimonialSuport estrat\u00e8gic i t\u00e8cnic en la gesti\u00f3 integral [&hellip;]<\/p>\n","protected":false},"author":2,"featured_media":0,"parent":0,"menu_order":0,"comment_status":"closed","ping_status":"closed","template":"","meta":{"_et_pb_use_builder":"on","_et_pb_old_content":"","_et_gb_content_width":"","footnotes":""},"class_list":["post-55","page","type-page","status-publish","hentry"],"_links":{"self":[{"href":"https:\/\/paocapital.com\/cat\/wp-json\/wp\/v2\/pages\/55","targetHints":{"allow":["GET"]}}],"collection":[{"href":"https:\/\/paocapital.com\/cat\/wp-json\/wp\/v2\/pages"}],"about":[{"href":"https:\/\/paocapital.com\/cat\/wp-json\/wp\/v2\/types\/page"}],"author":[{"embeddable":true,"href":"https:\/\/paocapital.com\/cat\/wp-json\/wp\/v2\/users\/2"}],"replies":[{"embeddable":true,"href":"https:\/\/paocapital.com\/cat\/wp-json\/wp\/v2\/comments?post=55"}],"version-history":[{"count":17,"href":"https:\/\/paocapital.com\/cat\/wp-json\/wp\/v2\/pages\/55\/revisions"}],"predecessor-version":[{"id":374,"href":"https:\/\/paocapital.com\/cat\/wp-json\/wp\/v2\/pages\/55\/revisions\/374"}],"wp:attachment":[{"href":"https:\/\/paocapital.com\/cat\/wp-json\/wp\/v2\/media?parent=55"}],"curies":[{"name":"wp","href":"https:\/\/api.w.org\/{rel}","templated":true}]}}